
Is 9 a factor of 63?
True
Is 5226 a multiple of 13?
True
Is 7680 a multiple of 48?
True
Is 27 a multiple of 27?
True
Does 94 divide 940?
True
Does 62 divide 310?
True
Is 1200 a multiple of 6?
True
Does 11 divide 2424?
False
Is 363 a multiple of 10?
False
Does 51 divide 45237?
True
Is 13926 a multiple of 20?
False
Does 103 divide 14545?
False
Is 14 a factor of 45905?
False
Is 59 even?
False
Is 153 a factor of 10710?
True
Is 78 a factor of 1404?
True
Is 13700 a multiple of 50?
True
Is 345 a multiple of 19?
False
Is 1626 a multiple of 50?
False
Is 6 a factor of 51?
False
Does 93 divide 4124?
False
Is 31 a factor of 65379?
True
Is 7205 a multiple of 70?
False
Is 10 a factor of 1863?
False
Is 907 a multiple of 92?
False
Is 124128 a multiple of 96?
True
Is 21 a factor of 546?
True
Is 117 a factor of 10062?
True
Is 8 a factor of 536?
True
Does 16 divide 640?
True
Is 80 a factor of 404?
False
Is 7034 a multiple of 41?
False
Is 22 a factor of 1056?
True
Is 2907 a multiple of 51?
True
Does 13 divide 250?
False
Does 31 divide 4953?
False
Is 126 even?
True
Is 28 a factor of 140?
True
Is 214 a factor of 3910?
False
Is 9969 a multiple of 31?
False
Is 5523 a multiple of 32?
False
Is 67 a factor of 2472?
False
Is 296 a factor of 81388?
False
Is 134 a multiple of 2?
True
Is 9 a factor of 1814?
False
Does 139 divide 1112?
True
Does 14 divide 5249?
False
Does 18 divide 71717?
False
Does 11 divide 639?
False
Is 6520 a multiple of 11?
False
Is 57 a factor of 3890?
False
Does 15 divide 16200?
True
Does 63 divide 504?
True
Does 49 divide 470?
False
Is 480 a multiple of 16?
True
Is 11 a factor of 1276?
True
Does 15 divide 8482?
False
Is 15 a factor of 2595?
True
Is 356 a multiple of 2?
True
Is 15 a factor of 4312?
False
Is 32 a factor of 1024?
True
Does 7 divide 30161?
False
Does 13 divide 169?
True
Is 49241 a multiple of 213?
False
Is 37 a factor of 4375?
False
Does 2 divide 344?
True
Is 93 a factor of 2886?
False
Is 22527 a multiple of 9?
True
Is 60 a multiple of 3?
True
Is 22 a factor of 2157?
False
Is 7127 a multiple of 4?
False
Is 768 a multiple of 32?
True
Is 5454 a multiple of 19?
False
Does 11 divide 16?
False
Is 480 a multiple of 30?
True
Is 11708 a multiple of 202?
False
Is 8 a factor of 6778?
False
Is 714 a multiple of 51?
True
Is 12 a factor of 936?
True
Is 498 a multiple of 12?
False
Does 55 divide 8085?
True
Is 1972 a multiple of 58?
True
Does 70 divide 29905?
False
Is 34 a factor of 3264?
True
Does 13 divide 45695?
True
Is 183 a multiple of 60?
False
Does 24 divide 2434?
False
Is 142 a factor of 6279?
False
Does 22 divide 440?
True
Is 5843 a multiple of 81?
False
Is 11 a factor of 9463?
False
Is 12354 a multiple of 87?
True
Does 113 divide 898?
False
Is 34 a factor of 4247?
False
Is 97 a factor of 1511?
False
Does 24 divide 1936?
False
Does 11 divide 594?
True
Is 48680 a multiple of 43?
False
Is 9 a factor of 747?
True
Is 9966 a multiple of 53?
False
Is 62 a factor of 19964?
True
Is 18 a factor of 8040?
False
Does 8 divide 696?
True
Is 1951 a multiple of 31?
False
Is 1200 a multiple of 100?
True
Does 6 divide 34056?
True
Does 14 divide 1759?
False
Does 6 divide 217?
False
Is 13946 a multiple of 12?
False
Does 22 divide 1144?
True
Is 15 a factor of 915?
True
Is 782 a multiple of 23?
True
Does 33 divide 4587?
True
Is 20 a factor of 3790?
False
Is 38 a factor of 1710?
True
Is 4 a factor of 10014?
False
Does 8 divide 104?
True
Does 80 divide 3054?
False
Does 62 divide 6510?
True
Does 24 divide 1178?
False
Is 1408 a multiple of 42?
False
Does 4 divide 344?
True
Does 122 divide 2253?
False
Is 55836 a multiple of 47?
True
Is 374 a multiple of 22?
True
Is 17 a factor of 8959?
True
Is 128 a factor of 21760?
True
Is 23373 a multiple of 159?
True
Is 161 a factor of 3381?
True
Is 23301 a multiple of 8?
False
Is 672 a multiple of 31?
False
Is 1784 a multiple of 8?
True
Is 1643 a multiple of 56?
False
Is 48573 a multiple of 19?
False
Is 7 a factor of 1470?
True
Is 2301 a multiple of 106?
False
Is 32 a factor of 51?
False
Is 15595 a multiple of 5?
True
Is 2860 a multiple of 110?
True
Does 82 divide 4874?
False
Does 14 divide 39307?
False
Does 12 divide 386?
False
Does 13 divide 1380?
False
Is 2 a factor of 1514?
True
Is 183 a factor of 25986?
True
Does 71 divide 8489?
False
Is 1238 a multiple of 20?
False
Is 12 a multiple of 2?
True
Does 4 divide 1728?
True
Is 620 a multiple of 5?
True
Does 23 divide 503?
False
Is 4 a factor of 337?
False
Does 10 divide 11438?
False
Is 862 a multiple of 52?
False
Is 56729 a multiple of 47?
True
Does 7 divide 75?
False
Does 31 divide 4112?
False
Does 5 divide 310?
True
Is 802 a multiple of 5?
False
Is 10108 a multiple of 38?
True
Is 1754 a multiple of 30?
False
Does 41 divide 25835?
False
Is 5 a factor of 2203?
False
Does 74 divide 10212?
True
Is 5040 a multiple of 63?
True
Is 155 a factor of 9528?
False
Is 14 a factor of 732?
False
Does 15 divide 3465?
True
Is 42 a factor of 336?
True
Is 58 a factor of 1502?
False
Is 37 a factor of 2827?
False
Does 10 divide 1395?
False
Is 13 a factor of 2847?
True
Is 17 a factor of 9982?
False
Does 3 divide 343?
False
Is 5 a factor of 13680?
True
Is 44 a factor of 1104?
False
Is 58 a factor of 28107?
False
Is 24 a factor of 1966?
False
Is 75 a factor of 8250?
True
Is 5504 a multiple of 16?
True
Does 57 divide 45714?
True
Is 16 a factor of 523?
False
Is 18 a factor of 3608?
False
Is 3290 a multiple of 62?
False
Does 11 divide 1121?
False
Does 23 divide 276?
True
Is 16991 a multiple of 13?
True
Does 3 divide 63?
True
Is 125 a factor of 41072?
False
Is 67 a factor of 2571?
False
Is 1178 a multiple of 62?
True
Is 512 a multiple of 94?
False
Is 96 a factor of 73920?
True
Is 4 a factor of 2154?
False
Is 213 a multiple of 2?
False
Does 51 divide 20400?
True
Does 22 divide 4004?
True
Does 4 divide 26058?
False
Is 8 a factor of 9936?
True
Is 63 a factor of 1827?
True
Is 13 a factor of 247?
True
Is 2361 a multiple of 93?
False
Does 90 divide 6570?
True
Does 16 divide 7778?
False
Does 32 divide 1056?
True
Is 7030 a multiple of 19?
True
Is 1400 a multiple of 10?
True
Is 2150 a multiple of 7?
False
Is 30604 a multiple of 8?
False
Is 220 a multiple of 22?
True
Is 29 a factor of 1528?
False
Is 8343 a multiple of 9?
True
Is 29 a factor of 546?
False
Is 9 a factor of 856?
False
Is 13 a factor of 234?
True
Is 300 a multiple of 50?
True
Is 144 a factor of 9504?
True
Is 24864 a multiple of 42?
True
Does 28 divide 2968?
True
Does 24 divide 8880?
True
Is 670 even?
True
Is 43360 a multiple of 40?
True
Is 5 a factor of 1650?
True
Is 8 a factor of 392?
True
Is 118 a factor of 45392?
False
Is 447 a multiple of 203?
False
Does 65 divide 3937?
False
Is 22 a factor of 6991?
False
Is 320 a multiple of 16?
True
Is 27000 a multiple of 12?
True
Does 14 divide 11395?
False
Is 9 a factor of 1656?
True
Is 3094 a multiple of 91?
True
Is 7 a factor of 1447?
False
Does 3 divide 121?
False
Is 8 a factor of 208?
True
Is 15 a factor of 47162?
False
Is 4 a factor of 211?
False
Is 24 a factor of 1704?
True
Is 61 a factor of 1121?
False
Is 259 a factor of 18389?
True
Does 171 divide 6840?
True
Does 16 divide 4589?
False
Is 2509 a multiple of 193?
True
Is 180 a multiple of 4?
True
Is 14 a factor of 441?
False
Is 13 a factor of 195?
True
Is 1665 a multiple of 45?
True
Is 44 a factor of 752?
False
Does 15 divide 623?
False
Does 49 divide 13965?
True
Is 54 a factor of 12744?
True
Is 12 a factor of 936?
True
Is 6024 a multiple of 6?
True
Is 34 a factor of 1224?
True
Is 28 a factor of 45?
False
Does 14 divide 14821?
False
Is 191 a factor of 26385?
False
Is 2256 a multiple of 12?
True
Does 19 divide 15040?
False
Is 98 a factor of 392?
True
Is 48 a factor of 122688?
True
Is 11823 a multiple of 21?
True
Is 146370 a multiple of 51?
True
Does 6 divide 354?
True
Is 125 a multiple of 5?
True
Is 261 a multiple of 29?
True
Is 237 a multiple of 3?
True
Is 42 a factor of 882?
True
Is 10108 a multiple of 28?
True
Does 48 divide 1574?
False
Is 11 a factor of 1454?
False
Is 5394 a multiple of 17?
False
Is 2421 a multiple of 14?
False
Is 23 a factor of 5957?
True
Is 504 a multiple of 42?
True
Does 111 divide 6856?
False
Does 72 divide 792?
True
Is 450 a multiple of 25?
True
Is 4 a factor of 1036?
True
Is 5209 a multiple of 62?
False
Does 28 divide 3167?
Fals